{"id":7,"date":"2017-09-03T15:40:14","date_gmt":"2017-09-03T13:40:14","guid":{"rendered":"http:\/\/duetnawozy.pl\/?page_id=7"},"modified":"2026-03-14T08:19:26","modified_gmt":"2026-03-14T07:19:26","slug":"strona-glowna","status":"publish","type":"page","link":"http:\/\/duetnawozy.pl\/","title":{"rendered":"Strona g\u0142\u00f3wna"},"content":{"rendered":"<p><div class=\"fusion-fullwidth fullwidth-box nonhundred-percent-fullwidth non-hundred-percent-height-scrolling\"  style='background-color: rgba(255,255,255,0);background-position: center center;background-repeat: no-repeat;padding-top:0px;padding-right:0px;padding-bottom:0px;padding-left:0px;'><div class=\"fusion-builder-row fusion-row \"><div  class=\"fusion-layout-column fusion_builder_column fusion_builder_column_1_1  fusion-one-full fusion-column-first fusion-column-last 1_1\"  style='margin-top:0px;margin-bottom:20px;'>\n\t\t\t\t\t<div class=\"fusion-column-wrapper\" style=\"padding: 0px 0px 0px 0px;background-position:left top;background-repeat:no-repeat;-webkit-background-size:cover;-moz-background-size:cover;-o-background-size:cover;background-size:cover;\"  data-bg-url=\"\">\n\t\t\t\t\t\t<span class=\"fusion-imageframe imageframe-none imageframe-1 hover-type-none\"><img loading=\"lazy\" decoding=\"async\" src=\"http:\/\/duetnawozy.pl\/wp-content\/uploads\/2024\/12\/banner2017a-1024x267.jpg\" width=\"1024\" height=\"267\" alt=\"\" title=\"banner2017a\" class=\"img-responsive wp-image-516\" srcset=\"http:\/\/duetnawozy.pl\/wp-content\/uploads\/2024\/12\/banner2017a-200x52.jpg 200w, http:\/\/duetnawozy.pl\/wp-content\/uploads\/2024\/12\/banner2017a-400x104.jpg 400w, http:\/\/duetnawozy.pl\/wp-content\/uploads\/2024\/12\/banner2017a-600x156.jpg 600w, http:\/\/duetnawozy.pl\/wp-content\/uploads\/2024\/12\/banner2017a-800x208.jpg 800w, http:\/\/duetnawozy.pl\/wp-content\/uploads\/2024\/12\/banner2017a-1200x313.jpg 1200w, http:\/\/duetnawozy.pl\/wp-content\/uploads\/2024\/12\/banner2017a.jpg 1920w\" sizes=\"auto, (max-width: 800px) 100vw, 1024px\" \/><\/span><div class=\"fusion-title title fusion-sep-none fusion-title-size-one\" style=\"margin-top:0px;margin-bottom:31px;\"><h1 class=\"title-heading-left\">Kim jeste\u015bmy?<\/h1><\/div><div class=\"fusion-text\"><p style=\"text-align: justify; background: white; margin: 0cm 0cm 15.0pt 0cm;\"><span style=\"font-size: 14.0pt;\">Sk\u0142ady Fabryczne Nawoz\u00f3w Sztucznych \u201eDUET\u201d Andrzej Jakubiak, Marta Jakubiak Sp. J. to firma rodzinna istniej\u0105ca na rynku nawozowym od 1990 roku. Siedziba naszej firmy znajduje si\u0119 w Kaszowie w wojew\u00f3dztwie mazowieckim. <\/span><\/p>\n<p style=\"text-align: justify; background: white; margin: 0cm 0cm 15.0pt 0cm;\"><span style=\"font-size: 14.0pt;\">Nasza firma specjalizuje si\u0119 w handlu nawozami sztucznymi oraz prowadzi sprzeda\u017c pod\u0142o\u017ca warzywnego, materia\u0142u siewnego, folii ogrodniczej, \u015bwiadczy us\u0142ugi rolnicze i prowadzi skup zb\u00f3\u017c. Prowadzimy sprzeda\u017c hurtow\u0105 i detaliczn\u0105. Wieloletnie do\u015bwiadczenie w handlu nawozami i profesjonalna kadra gwarantuj\u0105 udan\u0105 wsp\u00f3\u0142prac\u0119. Na rynku nawozowym dzia\u0142amy na terenie ca\u0142ego kraju.<\/span><\/p>\n<p style=\"text-align: justify; background: white; margin: 0cm 0cm 15.0pt 0cm;\"><span style=\"font-size: 14.0pt;\">Od pocz\u0105tku naszej dzia\u0142alno\u015bci jeste\u015bmy dealerami najwi\u0119kszych polskich producent\u00f3w nawozowych obecnie Grupy Azoty oraz Zak\u0142ady Chemiczne \u201eSiarkopol\u201d Tarnobrzeg Sp. z o.o. Wsp\u00f3\u0142praca z tymi zak\u0142adami gwarantuje nam dost\u0119p do nawoz\u00f3w najlepszej jako\u015bci.<\/span><\/p>\n<\/div><span class=\"fusion-imageframe imageframe-none imageframe-2 hover-type-none\"><a class=\"fusion-no-lightbox\" href=\"http:\/\/duetnawozy.pl\/index.php\/grupa-azoty\/\" target=\"_self\" aria-label=\"urodxz\"><img loading=\"lazy\" decoding=\"async\" src=\"http:\/\/duetnawozy.pl\/wp-content\/uploads\/2021\/10\/urodxz.jpg\" width=\"1004\" height=\"134\" alt=\"\" class=\"img-responsive wp-image-395\" srcset=\"http:\/\/duetnawozy.pl\/wp-content\/uploads\/2021\/10\/urodxz-200x27.jpg 200w, http:\/\/duetnawozy.pl\/wp-content\/uploads\/2021\/10\/urodxz-400x53.jpg 400w, http:\/\/duetnawozy.pl\/wp-content\/uploads\/2021\/10\/urodxz-600x80.jpg 600w, http:\/\/duetnawozy.pl\/wp-content\/uploads\/2021\/10\/urodxz-800x107.jpg 800w, http:\/\/duetnawozy.pl\/wp-content\/uploads\/2021\/10\/urodxz.jpg 1004w\" sizes=\"auto, (max-width: 800px) 100vw, 1004px\" \/><\/a><\/span><div class=\"fusion-clearfix\"><\/div>\n\n\t\t\t\t\t<\/div>\n\t\t\t\t<\/div><\/div><\/div><div class=\"fusion-fullwidth fullwidth-box nonhundred-percent-fullwidth non-hundred-percent-height-scrolling fusion-equal-height-columns\"  style='background-color: rgba(255,255,255,0);background-position: center center;background-repeat: no-repeat;padding-top:0px;padding-right:0px;padding-bottom:0px;padding-left:0px;'><div class=\"fusion-builder-row fusion-row \"><div  class=\"fusion-layout-column fusion_builder_column fusion_builder_column_1_1  fusion-one-full fusion-column-first fusion-column-last 1_1\"  style='margin-top:0px;margin-bottom:20px;'>\n\t\t\t\t\t<div class=\"fusion-column-wrapper\" style=\"padding: 0px 0px 0px 0px;background-position:left top;background-repeat:no-repeat;-webkit-background-size:cover;-moz-background-size:cover;-o-background-size:cover;background-size:cover;\"  data-bg-url=\"\">\n\t\t\t\t\t\t<span class=\"fusion-imageframe imageframe-none imageframe-3 hover-type-zoomin fusion-animated\" data-animationType=\"fadeInLeft\" data-animationDuration=\"0.3\" data-animationOffset=\"100%\"><img loading=\"lazy\" decoding=\"async\" src=\"http:\/\/duetnawozy.pl\/wp-content\/uploads\/2017\/09\/banerfront_dol_09-kopia.jpg\" width=\"1412\" height=\"500\" alt=\"\" title=\"banerfront_dol_09 kopia\" class=\"img-responsive wp-image-209\" srcset=\"http:\/\/duetnawozy.pl\/wp-content\/uploads\/2017\/09\/banerfront_dol_09-kopia-200x71.jpg 200w, http:\/\/duetnawozy.pl\/wp-content\/uploads\/2017\/09\/banerfront_dol_09-kopia-400x142.jpg 400w, http:\/\/duetnawozy.pl\/wp-content\/uploads\/2017\/09\/banerfront_dol_09-kopia-600x212.jpg 600w, http:\/\/duetnawozy.pl\/wp-content\/uploads\/2017\/09\/banerfront_dol_09-kopia-800x283.jpg 800w, http:\/\/duetnawozy.pl\/wp-content\/uploads\/2017\/09\/banerfront_dol_09-kopia-1200x425.jpg 1200w, http:\/\/duetnawozy.pl\/wp-content\/uploads\/2017\/09\/banerfront_dol_09-kopia.jpg 1412w\" sizes=\"auto, (max-width: 800px) 100vw, 1200px\" \/><\/span><div class=\"fusion-clearfix\"><\/div>\n\n\t\t\t\t\t<\/div>\n\t\t\t\t<\/div><\/div><\/div><div class=\"fusion-fullwidth fullwidth-box nonhundred-percent-fullwidth non-hundred-percent-height-scrolling\"  style='background-color: rgba(255,255,255,0);background-position: center center;background-repeat: no-repeat;padding-top:0px;padding-right:0px;padding-bottom:0px;padding-left:0px;'><div class=\"fusion-builder-row fusion-row \"><div  class=\"fusion-layout-column fusion_builder_column fusion_builder_column_1_1  fusion-one-full fusion-column-first fusion-column-last 1_1\"  style='margin-top:0px;margin-bottom:20px;'>\n\t\t\t\t\t<div class=\"fusion-column-wrapper\" style=\"padding: 0px 0px 0px 0px;background-position:left top;background-repeat:no-repeat;-webkit-background-size:cover;-moz-background-size:cover;-o-background-size:cover;background-size:cover;\"  data-bg-url=\"\">\n\t\t\t\t\t\t<div class=\"fusion-title title fusion-sep-none fusion-title-size-one\" style=\"margin-top:0px;margin-bottom:31px;\"><h1 class=\"title-heading-left\">Zaufanie i do\u015bwiadczenie<\/h1><\/div><div class=\"fusion-text\"><p style=\"text-align: justify; background: white; margin: 0cm 0cm 15.0pt 0cm;\"><span style=\"font-size: 14.0pt;\">Solidno\u015bci\u0105 i rzetelno\u015bci\u0105 zdobyli\u015bmy zaufanie zar\u00f3wno dostawc\u00f3w jak i odbiorc\u00f3w. Zostali\u015bmy docenieni za osi\u0105gni\u0119cia handlowe przez producent\u00f3w nawoz\u00f3w oraz ekonomiczne przez firmy zewn\u0119trzne prowadz\u0105ce ran<span style=\"background: white;\">kingi w zakresie najdynamiczniej rozwijaj\u0105cych si\u0119 ma\u0142ych i \u015brednich firm<\/span>.<\/span><\/p>\n<\/div><div class=\"fusion-clearfix\"><\/div>\n\n\t\t\t\t\t<\/div>\n\t\t\t\t<\/div><\/div><\/div><div class=\"fusion-fullwidth fullwidth-box nonhundred-percent-fullwidth non-hundred-percent-height-scrolling fusion-equal-height-columns\"  style='background-color: rgba(255,255,255,0);background-position: center center;background-repeat: no-repeat;padding-top:0px;padding-right:0px;padding-bottom:0px;padding-left:0px;'><div class=\"fusion-builder-row fusion-row \"><div  class=\"fusion-layout-column fusion_builder_column fusion_builder_column_1_1  fusion-one-full fusion-column-first fusion-column-last 1_1\"  style='margin-top:0px;margin-bottom:20px;'>\n\t\t\t\t\t<div class=\"fusion-column-wrapper\" style=\"padding: 0px 0px 0px 0px;background-position:left top;background-repeat:no-repeat;-webkit-background-size:cover;-moz-background-size:cover;-o-background-size:cover;background-size:cover;\"  data-bg-url=\"\">\n\t\t\t\t\t\t<span class=\"fusion-imageframe imageframe-none imageframe-4 hover-type-zoomin fusion-animated\" data-animationType=\"fadeInLeft\" data-animationDuration=\"0.3\" data-animationOffset=\"100%\"><img loading=\"lazy\" decoding=\"async\" src=\"http:\/\/duetnawozy.pl\/wp-content\/uploads\/2017\/09\/firma_dol-kopia09.jpg\" width=\"1412\" height=\"500\" alt=\"\" title=\"firma_dol kopia09\" class=\"img-responsive wp-image-210\" srcset=\"http:\/\/duetnawozy.pl\/wp-content\/uploads\/2017\/09\/firma_dol-kopia09-200x71.jpg 200w, http:\/\/duetnawozy.pl\/wp-content\/uploads\/2017\/09\/firma_dol-kopia09-400x142.jpg 400w, http:\/\/duetnawozy.pl\/wp-content\/uploads\/2017\/09\/firma_dol-kopia09-600x212.jpg 600w, http:\/\/duetnawozy.pl\/wp-content\/uploads\/2017\/09\/firma_dol-kopia09-800x283.jpg 800w, http:\/\/duetnawozy.pl\/wp-content\/uploads\/2017\/09\/firma_dol-kopia09-1200x425.jpg 1200w, http:\/\/duetnawozy.pl\/wp-content\/uploads\/2017\/09\/firma_dol-kopia09.jpg 1412w\" sizes=\"auto, (max-width: 800px) 100vw, 1200px\" \/><\/span><div class=\"fusion-clearfix\"><\/div>\n\n\t\t\t\t\t<\/div>\n\t\t\t\t<\/div><\/div><\/div><\/p>\n","protected":false},"excerpt":{"rendered":"","protected":false},"author":1,"featured_media":0,"parent":0,"menu_order":0,"comment_status":"closed","ping_status":"closed","template":"","meta":{"footnotes":""},"class_list":["post-7","page","type-page","status-publish","hentry"],"_links":{"self":[{"href":"http:\/\/duetnawozy.pl\/index.php\/wp-json\/wp\/v2\/pages\/7","targetHints":{"allow":["GET"]}}],"collection":[{"href":"http:\/\/duetnawozy.pl\/index.php\/wp-json\/wp\/v2\/pages"}],"about":[{"href":"http:\/\/duetnawozy.pl\/index.php\/wp-json\/wp\/v2\/types\/page"}],"author":[{"embeddable":true,"href":"http:\/\/duetnawozy.pl\/index.php\/wp-json\/wp\/v2\/users\/1"}],"replies":[{"embeddable":true,"href":"http:\/\/duetnawozy.pl\/index.php\/wp-json\/wp\/v2\/comments?post=7"}],"version-history":[{"count":31,"href":"http:\/\/duetnawozy.pl\/index.php\/wp-json\/wp\/v2\/pages\/7\/revisions"}],"predecessor-version":[{"id":550,"href":"http:\/\/duetnawozy.pl\/index.php\/wp-json\/wp\/v2\/pages\/7\/revisions\/550"}],"wp:attachment":[{"href":"http:\/\/duetnawozy.pl\/index.php\/wp-json\/wp\/v2\/media?parent=7"}],"curies":[{"name":"wp","href":"https:\/\/api.w.org\/{rel}","templated":true}]}}