{"id":77,"date":"2017-09-08T13:08:02","date_gmt":"2017-09-08T11:08:02","guid":{"rendered":"http:\/\/duetnawozy.pl\/?page_id=77"},"modified":"2017-09-08T13:08:02","modified_gmt":"2017-09-08T11:08:02","slug":"pozostale","status":"publish","type":"page","link":"http:\/\/duetnawozy.pl\/index.php\/pozostale\/","title":{"rendered":"Pozosta\u0142e"},"content":{"rendered":"<p style=\"text-align: justify; background: white; margin: 0cm 0cm 15.0pt 0cm;\"><span style=\"font-size: 14.0pt;\">Firma DUET opr\u00f3cz handlu nawozami sztucznymi prowadzi sprzeda\u017c:<\/span><\/p>\n<p style=\"text-align: justify; background: white; margin: 0cm 0cm 15.0pt 0cm;\"><span style=\"font-size: 14.0pt;\">&#8211; pod\u0142o\u017ca warzywnego, <\/span><\/p>\n<p style=\"text-align: justify; background: white; margin: 0cm 0cm 15.0pt 0cm;\"><span style=\"font-size: 14.0pt;\">&#8211; materia\u0142u siewnego, <\/span><\/p>\n<p style=\"text-align: justify; background: white; margin: 0cm 0cm 15.0pt 0cm;\"><span style=\"font-size: 14.0pt;\">&#8211; folii ogrodniczej,<\/span><\/p>\n<p style=\"text-align: justify; background: white; margin: 0cm 0cm 15.0pt 0cm;\"><span style=\"font-size: 14.0pt;\">&#8211; oraz \u015bwiadczy us\u0142ugi rolnicze i zajmuje si\u0119 skupem zb\u00f3\u017c.<\/span><\/p>\n","protected":false},"excerpt":{"rendered":"<p>Firma DUET opr\u00f3cz handlu nawozami sztucznymi prowadzi sprzeda\u017c: &#8211; pod\u0142o\u017ca [&hellip;]<\/p>\n","protected":false},"author":1,"featured_media":0,"parent":0,"menu_order":0,"comment_status":"closed","ping_status":"closed","template":"","meta":{"footnotes":""},"class_list":["post-77","page","type-page","status-publish","hentry"],"_links":{"self":[{"href":"http:\/\/duetnawozy.pl\/index.php\/wp-json\/wp\/v2\/pages\/77","targetHints":{"allow":["GET"]}}],"collection":[{"href":"http:\/\/duetnawozy.pl\/index.php\/wp-json\/wp\/v2\/pages"}],"about":[{"href":"http:\/\/duetnawozy.pl\/index.php\/wp-json\/wp\/v2\/types\/page"}],"author":[{"embeddable":true,"href":"http:\/\/duetnawozy.pl\/index.php\/wp-json\/wp\/v2\/users\/1"}],"replies":[{"embeddable":true,"href":"http:\/\/duetnawozy.pl\/index.php\/wp-json\/wp\/v2\/comments?post=77"}],"version-history":[{"count":1,"href":"http:\/\/duetnawozy.pl\/index.php\/wp-json\/wp\/v2\/pages\/77\/revisions"}],"predecessor-version":[{"id":78,"href":"http:\/\/duetnawozy.pl\/index.php\/wp-json\/wp\/v2\/pages\/77\/revisions\/78"}],"wp:attachment":[{"href":"http:\/\/duetnawozy.pl\/index.php\/wp-json\/wp\/v2\/media?parent=77"}],"curies":[{"name":"wp","href":"https:\/\/api.w.org\/{rel}","templated":true}]}}